 of 55193255?
5, 13, 849127
What are the prime factors of 2482210839?
3, 827403613
What are the prime factors of 168554481?
3, 4177, 13451
List the prime factors of 2227788093.
3, 37, 197, 101879
What are the prime factors of 645609294?
2, 3, 11, 461, 643
List the prime factors of 505409494.
2, 252704747
What are the prime factors of 2978405090?
2, 5, 297840509
List the prime factors of 1818151324.
2, 11, 341501
List the prime factors of 27430918.
2, 73, 187883
List the prime factors of 5384180713.
5384180713
List the prime factors of 1553066731.
47, 33043973
List the prime factors of 81093988.
2, 47, 83, 5197
List the prime factors of 1086484875.
3, 5, 7, 17, 97, 251
List the prime factors of 514617692.
2, 79, 929, 1753
List the prime factors of 581485722.
2, 3, 107, 587, 1543
List the prime factors of 153188483.
7, 1601, 13669
What are the prime factors of 648447405?
3, 5, 17, 79, 32189
List the prime factors of 645087976.
2, 13, 6202769
List the prime factors of 3125843270.
2, 5, 11, 28416757
What are the prime factors of 243593685?
3, 5, 5413193
List the prime factors of 99226922.
2, 23, 29, 74383
What are the prime factors of 1400712224?
2, 19, 2303803
List the prime factors of 1393497754.
2, 11, 59, 1073573
What are the prime factors of 106160429?
19, 5587391
List the prime factors of 251255057.
251255057
List the prime factors of 748044684.
2, 3, 43, 483233
What are the prime factors of 219834883?
19, 97, 101, 1181
List the prime factors of 929969710.
2, 5, 1307, 71153
List the prime factors of 645359636.
2, 3319, 48611
What are the prime factors of 356198533?
353, 1009061
List the prime factors of 570108611.
73, 7809707
List the prime factors of 91674462.
2, 3, 11, 1389007
What are the prime factors of 70206284?
2, 17551571
What are the prime factors of 62886622?
2, 1097, 28663
List the prime factors of 560412060.
2, 3, 5, 13, 431, 1667
What are the prime factors of 2801831515?
5, 7, 197, 8293
What are the prime factors of 4160135188?
2, 11, 89, 1062343
List the prime factors of 262163309.
2141, 122449
List the prime factors of 86587636.
2, 19, 73, 15607
What are the prime factors of 1751851347?
3, 43, 53, 89, 2879
List the prime factors of 1237242247.
19, 467, 139439
List the prime factors of 2141728731.
3, 17, 13998227
What are the prime factors of 2244510524?
2, 191, 229, 12829
List the prime factors of 147202147.
53, 101, 107, 257
List the prime factors of 388094063.
7, 7920287
What are the prime factors of 157142743?
157142743
What are the prime factors of 1933124961?
3, 17, 19, 1373, 1453
List the prime factors of 303394811.
593, 511627
What are the prime factors of 840584664?
2, 3, 53, 220279
What are the prime factors of 274031023?
7, 379, 103291
What are the prime factors of 2450749355?
5, 5279, 92849
What are the prime factors of 50698174?
2, 25349087
List the prime factors of 86175126.
2, 3, 4787507
List the prime factors of 119788282.
2, 43, 701, 1987
List the prime factors of 496778486.
2, 248389243
List the prime factors of 68944476.
2, 3, 1049, 5477
List the prime factors of 510654277.
7, 72950611
What are the prime factors of 10298945?
5, 1171, 1759
List the prime factors of 245886077.
23, 464813
List the prime factors of 134100874.
2, 67050437
What are the prime factors of 105966358?
2, 433, 122363
What are the prime factors of 5831310?
2, 3, 5, 194377
List the prime factors of 90391567.
7, 17, 31, 107, 229
What are the prime factors of 1876302386?
2, 7, 1069, 125371
List the prime factors of 5230729365.
3, 5, 41, 97, 87683
List the prime factors of 541972541.
11, 53, 929627
List the prime factors of 33329637.
3, 11, 37, 337
List the prime factors of 2463247618.
2, 13, 109, 827, 1051
What are the prime factors of 1642966840?
2, 5, 41074171
List the prime factors of 1433764555.
5, 286752911
List the prime factors of 478632919.
478632919
List the prime factors of 330479766.
2, 3, 29, 227, 2789
What are the prime factors of 73505576?
2, 43, 107, 1997
List the prime factors of 220008986.
2, 110004493
List the prime factors of 419263949.
13, 32251073
List the prime factors of 500726512.
2, 11, 13, 218849
List the prime factors of 3405961373.
17, 607, 330067
List the prime factors of 41638151.
17, 2449303
What are the prime factors of 137543598?
2, 3, 7641311
What are the prime factors of 228857637?
3, 59, 71, 18211
What are the prime factors of 4187412559?
11, 151, 2521019
List the prime factors of 61256014.
2, 2393, 12799
List the prime factors of 4222474017.
3, 1407491339
What are the prime factors of 1935031163?
13, 148848551
List the prime factors of 321378330.
2, 3, 5, 7, 13, 117721
What are the prime factors of 465884842?
2, 311, 749011
What are the prime factors of 305054576?
2, 19, 1003469
List the prime factors of 607401391.
73, 8320567
What are the prime factors of 20792224?
2, 17, 37, 1033
List the prime factors of 839191213.
7, 17, 61, 193, 599
What are the prime factors of 636530239?
4447, 143137
What are the prime factors of 1306865062?
2, 443, 1475017
List the prime factors of 827338929.
3, 1277, 215959
List the prime factors of 94501651.
107, 883193
What are the prime factors of 309745463?
37, 47, 178117
List the prime factors of 17578256.
2, 23, 37, 1291
List the prime factors of 3531061337.
3499, 1009163
List the prime factors of 53879974.
2, 1297, 20771
What are the prime factors of 1095397390?
2, 5, 109539739
List the prime factors of 313429860.
2, 3, 5, 1171, 1487
List the prime factors of 211680409.
11779, 17971
What are the prime factors of 144064452?
2, 3, 7, 103, 16651
List the prime factors of 2613204936.
2, 3, 12098171
List the prime factors of 1454652349.
1454652349
What are the prime factors of 845756683?
2309, 366287
List the prime factors of 1156213830.
2, 3, 5, 38540461
What are the prime factors of 572814250?
2, 5, 2291257
What are the prime factors of 3113657855?
5, 7, 11, 37, 218579
List the prime factors of 607453036.
2, 151863259
List the prime factors of 64622213.
7393, 8741
What are the prime factors of 146554554?
2, 3, 47, 709, 733
What are the prime factors of 1536830765?
5, 929, 330857
What are the prime factors of 21873845?
5, 7, 19, 37, 127
List the prime factors of 533983181.
11087, 48163
List the prime factors of 2069556303.
3, 41, 16825661
List the prime factors of 67361575.
5, 47, 57329
List the prime factors of 83661041.
2111, 39631
List the prime factors of 53917931.
17, 29, 109367
List the prime factors of 2279717698.
2, 19, 857, 70003
List the prime factors of 5026416733.
13, 11329, 34129
What are the prime factors of 59182884?
2, 3, 1643969
What are the prime factors of 19544261?
11, 1776751
List the prime factors of 687741226.
2, 43, 643, 12437
List the prime factors of 28148119.
89, 316271
List the prime factors of 5827237918.
2, 317, 9191227
List the prime factors of 105420440.
2, 5, 109, 24179
List the prime factors of 353130366.
2, 3, 157, 229, 1637
What are the prime factors of 235921?
7, 33703
What are the prime factors of 11707922?
2, 941, 6221
What are the prime factors of 219489622?
2, 11, 9976801
List the prime factors of 1175813624.
2, 146976703
List the prime factors of 159385581.
3, 79, 224171
What are the prime factors of 1963225897?
433, 4534009
List the prime factors of 95695678.
2, 13, 109, 33767
List the prime factors of 60218797.
47, 149, 8599
What are the prime factors of 1043481396?
2, 3, 86956783
What are the prime factors of 630477172?
2, 13, 41, 113, 2617
What are the prime factors of 344428824?
2, 3, 29, 229, 2161
What are the prime factors of 170892375?
3, 5, 107, 4259
List the prime factors of 271311642.
2, 3, 7, 2153267
What are the prime factors of 254097445?
5, 7, 23, 83, 3803
What are the prime factors of 384103664?
2, 7, 307, 11171
What are the prime factors of 1496866756?
2, 7, 11, 4859957
List the prime factors of 195914219.
181, 1082399
List the prime factors of 70871737.
29, 367, 6659
What are the prime factors of 31421929?
7, 11, 408077
What are the prime factors of 72619783?
167, 434849
List the prime factors of 2805284853.
3, 7, 379, 39163
List the prime factors of 58678781.
7, 17, 37, 13327
What are the prime factors of 11979754?
2, 109, 179, 307
What are the prime factors of 18399796?
2, 61, 73, 1033
What are the prime factor